52?
True
Is 1704484 a multiple of 224?
False
Is 2 a factor of 100077?
False
Is 1129716 a multiple of 28?
True
Is 203541 a multiple of 307?
True
Is 18 a factor of 462469?
False
Does 32 divide 317265?
False
Is 496648 a multiple of 14?
False
Is 1101015 a multiple of 6?
False
Is 645480 a multiple of 44?
True
Is 272057 a multiple of 4?
False
Is 42 a factor of 503501?
False
Is 139 a factor of 548866?
False
Is 4823499 a multiple of 10?
False
Is 291 a factor of 568323?
True
Does 27 divide 68958?
True
Is 1229657 a multiple of 178?
False
Is 1458753 a multiple of 140?
False
Does 771 divide 921296?
False
Is 17 a factor of 1907997?
False
Is 1652930 a multiple of 6?
False
Does 2 divide 1336015?
False
Is 26 a factor of 14208350?
True
Does 21 divide 4441121?
False
Is 77 a factor of 166345?
False
Is 15 a factor of 213060?
True
Is 330625 a multiple of 575?
True
Is 10 a factor of 1881760?
True
Does 27 divide 3094639?
False
Is 298 a factor of 4105913?
False
Is 4774528 a multiple of 1408?
True
Does 5 divide 514885?
True
Is 17 a factor of 205265?
False
Is 29 a factor of 25143?
True
Is 714735 a multiple of 22?
False
Does 189 divide 3220809?
False
Is 1603583 a multiple of 23?
True
Is 9860764 a multiple of 9?
False
Is 153541 a multiple of 24?
False
Is 131951 a multiple of 23?
True
Does 293 divide 61081?
False
Is 33 a factor of 354420?
True
Is 355 a factor of 410178?
False
Is 1781602 a multiple of 38?
False
Does 8 divide 213192?
True
Is 231 a factor of 80388?
True
Is 33600 a multiple of 32?
True
Does 585 divide 124233?
False
Is 8898 a multiple of 4?
False
Is 988991 a multiple of 73?
False
Does 95 divide 890245?
True
Is 362 a factor of 575942?
True
Is 9576025 a multiple of 622?
False
Is 94032 a multiple of 48?
True
Is 39 a factor of 1550289?
True
Does 107 divide 181579?
True
Is 11005062 a multiple of 2164?
False
Does 15 divide 243078?
False
Does 10 divide 6960621?
False
Does 360 divide 633240?
True
Is 11 a factor of 6696?
False
Is 1528 a multiple of 12?
False
Is 281 a factor of 58644?
False
Does 90 divide 498600?
True
Does 94 divide 230910?
False
Is 440 a factor of 1393040?
True
Does 10 divide 1250900?
True
Is 56290 a multiple of 130?
True
Does 11 divide 3362?
False
Does 20 divide 590178?
False
Does 39 divide 210822?
False
Does 30 divide 520320?
True
Does 16 divide 1011253?
False
Does 94 divide 421590?
True
Does 5 divide 93939?
False
Is 133515 a multiple of 32?
False
Does 41 divide 1231278?
False
Does 2 divide 103988?
True
Does 53 divide 92697?
True
Is 372 a factor of 1150224?
True
Does 47 divide 299462?
False
Is 7400272 a multiple of 209?
True
Is 178 a factor of 219564?
False
Is 527 a factor of 1959051?
False
Does 30 divide 333760?
False
Does 369 divide 139482?
True
Does 3 divide 896?
False
Is 164043 a multiple of 99?
True
Is 196131 a multiple of 27?
False
Is 597 a factor of 10182432?
True
Does 24 divide 233048?
False
Does 75 divide 5832525?
True
Does 49 divide 1011605?
True
Is 3088338 a multiple of 803?
True
Does 29 divide 5085468?
False
Is 68 a factor of 1075272?
False
Is 17 a factor of 2376158?
True
Is 330884 a multiple of 4?
True
Is 29 a factor of 318460?
False
Does 1326 divide 4978888?
False
Is 22 a factor of 372306?
True
Is 428 a factor of 463145?
False
Does 118 divide 601481?
False
Is 13614 a multiple of 3?
True
Is 5 a factor of 549700?
True
Does 115 divide 4651750?
True
Does 46 divide 297394?
False
Does 375 divide 3347625?
True
Is 10453846 a multiple of 26?
True
Does 3 divide 1139154?
True
Is 437 a factor of 67735?
True
Is 10 a factor of 349000?
True
Is 86312 a multiple of 8?
True
Is 268 a factor of 4111120?
True
Is 2806547 a multiple of 42?
False
Does 127 divide 737489?
True
Is 2327320 a multiple of 830?
True
Is 1356323 a multiple of 157?
True
Is 106 a factor of 5209158?
True
Does 6 divide 77358?
True
Is 549264 a multiple of 12?
True
Is 4 a factor of 37439?
False
Does 306 divide 1645362?
True
Is 4237920 a multiple of 29?
False
Is 89 a factor of 9188371?
False
Is 171 a factor of 1095610?
False
Is 46 a factor of 6212576?
True
Is 61 a factor of 773036?
False
Does 41 divide 10172674?
True
Does 111 divide 12989265?
False
Is 14240114 a multiple of 330?
False
Does 18 divide 183690?
True
Is 231 a factor of 295540?
False
Is 6 a factor of 308613?
False
Is 6 a factor of 1902288?
True
Is 76252 a multiple of 22?
True
Is 87 a factor of 106135?
False
Is 34128 a multiple of 5?
False
Is 1062 a factor of 631890?
True
Does 8 divide 260079?
False
Does 4 divide 93950?
False
Is 10482851 a multiple of 471?
False
Is 717164 a multiple of 152?
False
Is 221 a factor of 16783537?
False
Does 48 divide 107552?
False
Does 12 divide 15197052?
True
Does 21 divide 71555?
False
Is 4 a factor of 4061040?
True
Is 227652 a multiple of 61?
True
Is 5 a factor of 508100?
True
Is 5 a factor of 32478?
False
Does 29 divide 157324?
False
Does 25 divide 8122025?
True
Is 110269 even?
False
Is 5 a factor of 120887?
False
Does 14 divide 25214?
True
Does 245 divide 3659320?
True
Does 47 divide 1336774?
True
Does 10 divide 158184?
False
Does 129 divide 304569?
True
Does 23 divide 729384?
False
Is 202 a factor of 360974?
True
Is 66 a factor of 2578884?
True
Does 416 divide 1540864?
True
Does 288 divide 184320?
True
Is 75 a factor of 3645450?
True
Does 252 divide 339837?
False
Does 83 divide 258186?
False
Does 43 divide 53565?
False
Does 125 divide 186250?
True
Is 3392589 a multiple of 148?
False
Does 171 divide 307971?
True
Does 20 divide 318969?
False
Is 8 a factor of 71224?
True
Does 192 divide 10763690?
False
Is 52 a factor of 77688?
True
Is 644 a factor of 1745291?
False
Is 314138 a multiple of 13?
False
Is 213114 a multiple of 11?
True
Is 23657737 a multiple of 20?
False
Is 2322925 a multiple of 94?
False
Is 201 a factor of 1005000?
True
Is 11 a factor of 2571013?
False
Does 1564 divide 389436?
True
Is 87445 a multiple of 28?
False
Is 3526222 a multiple of 94?
True
Is 49910 a multiple of 115?
True
Does 1631 divide 7273456?
False
Does 19 divide 1093545?
True
Does 12 divide 8256885?
False
Is 286 a factor of 297440?
True
Is 158118 a multiple of 2?
True
Does 312 divide 252383?
False
Is 871558 a multiple of 11?
False
Is 13 a factor of 252436?
False
Does 95 divide 518035?
True
Is 5891937 a multiple of 25?
False
Is 197638 a multiple of 14?
True
Is 2575173 a multiple of 30?
False
Does 41 divide 46658?
True
Is 16 a factor of 1017504?
True
Is 151393 a multiple of 11?
True
Is 14 a factor of 4209341?
False
Is 703121 a multiple of 63?
False
Is 16 a factor of 2572192?
True
Is 10 a factor of 1216180?
True
Is 15 a factor of 444829?
False
Does 29 divide 76618?
True
Does 278 divide 135942?
True
Does 13 divide 203741?
False
Is 35651448 a multiple of 1292?
True
Is 1376366 a multiple of 3?
False
Is 92 a factor of 12962800?
True
Is 202 a factor of 675779?
False
Does 35 divide 14273035?
True
Is 425 a factor of 19641?
False
Is 540 a factor of 2124119?
False
Does 51 divide 430287?
True
Does 225 divide 133425?
True
Is 99971 a multiple of 181?
False
Does 141 divide 13129877?
False
Is 239835 a multiple of 49?
False
Does 3 divide 98571?
True
Is 57780 a multiple of 12?
True
Does 311 divide 977500?
False
Does 12 divide 6153708?
True
Does 32 divide 681534?
False
Does 4 divide 54635?
False
Is 156 a factor of 46450?
False
Is 78 a factor of 288132?
True
Is 33 a factor of 59532?
True
Is 7 a factor of 105559?
False
Is 559004 a multiple of 122?
True
Is 15 a factor of 36135?
True
Is 4368241 a multiple of 31?
True
Does 307 divide 101924?
True
Is 39690 a multiple of 42?
True
Does 38 divide 2055560?
False
Does 15 divide 6333577?
False
Is 4891428 a multiple of 279?
True
Is 308803 a multiple of 19?
False
Does 8 divide 369073?
False
Does 77 divide 394471?
True
Is 969132 a multiple of 766?
False
Is 27615 a multiple of 7?
True
Is 98540 a multiple of 75?
False
Does 35 divide 4501988?
False
Does 71 divide 732?
False
Is 4617954 a multiple of 498?
True
Is 2132638 a multiple of 54?
False
Is 17 a factor of 18730753?
True
Is 3299763 a multiple of 1201?
False
Is 445104 a multiple of 18?
True
Does 4 divide 27544?
True
Does 3 divide 42636?
True
Is 21525231 a multiple of 481?
True
Is 3398944 a multiple of 382?
False
Is 17517 a multiple of 9?
False
Does 5 divide 152724?
False
Is 724326 a multiple of 36?
False
Is 4885 a multiple of 6?
False
Is 709933 a multipl